560
In base 3, what is 12211 - 11?
12200
In base 10, what is 3 - -232?
235
In base 3, what is 10 + -201?
-121
In base 10, what is -1 - -197?
196
In base 13, what is -4 - -49a?
496
In base 8, what is 3 + -3?
0
In base 12, what is -51 - a8?
-139
In base 5, what is 13043 + -2?
13041
In base 11, what is -4 + -a?
-13
In base 9, what is 7 + 15?
23
In base 5, what is 1 + -1401?
-1400
In base 4, what is 10 - -220021?
220031
In base 2, what is 1111000101 - -11?
1111001000
In base 3, what is 2 + -11202100?
-11202021
In base 5, what is -30 + 11?
-14
In base 10, what is 0 - 2133?
-2133
In base 6, what is -150 + -3?
-153
In base 13, what is -3 + -56?
-59
In base 6, what is -1442 + 1?
-1441
In base 4, what is 10 + 2?
12
In base 9, what is -3 + -11?
-14
In base 3, what is -1 - -1012111?
1012110
In base 7, what is 12 - -646?
661
In base 16, what is -bc + -4f?
-10b
In base 4, what is 1333 + -22?
1311
In base 2, what is 100010 + -11100000?
-10111110
In base 2, what is -1 - -101110?
101101
In base 15, what is -36 - 5a?
-91
In base 3, what is -1 + -1221?
-1222
In base 11, what is 436 + -3?
433
In base 10, what is -44 - -4?
-40
In base 15, what is 7a9 + 0?
7a9
In base 4, what is -11011211 - -10?
-11011201
In base 15, what is 294e + 5?
2954
In base 11, what is -21a3 + 3?
-21a0
In base 15, what is 5 + c2?
c7
In base 13, what is 19 - -c?
28
In base 4, what is -22 - -122?
100
In base 2, what is 10 + 111100?
111110
In base 16, what is 1f51 - -4?
1f55
In base 9, what is 4 - -10568?
10573
In base 2, what is 0 + 101000111111?
101000111111
In base 12, what is -202 + 0?
-202
In base 16, what is 8b - -5?
90
In base 5, what is 231 + 43?
324
In base 11, what is 0 + -24?
-24
In base 4, what is -30 - -100?
10
In base 9, what is -6 + 172?
165
In base 16, what is 11 - -3?
14
In base 3, what is 11110221 + -2?
11110212
In base 16, what is -2c0 + 4?
-2bc
In base 14, what is -27 - -1?
-26
In base 16, what is 89 - 4?
85
In base 16, what is -7 - -2b?
24
In base 6, what is -5 - -142?
133
In base 16, what is 1 + -7?
-6
In base 14, what is a + 14?
20
In base 5, what is -11110 + 1?
-11104
In base 2, what is 11 - 111111000101?
-111111000010
In base 10, what is 5827 - 0?
5827
In base 16, what is -4d - -2e?
-1f
In base 8, what is 4 - -172?
176
In base 10, what is 420 - -1?
421
In base 10, what is 145 + -12?
133
In base 12, what is 143 + 13?
156
In base 13, what is -c4 + 1?
-c3
In base 12, what is -9 + 2a?
21
In base 15, what is 278 - -3?
27b
In base 7, what is 565 - -106?
1004
In base 11, what is -333 + 2?
-331
In base 8, what is 14 - 1346?
-1332
In base 10, what is -4 + -210?
-214
In base 4, what is -1 - -320322?
320321
In base 15, what is 2 - -7d9?
7db
In base 11, what is -3 + 1313?
1310
In base 7, what is 115 - 135?
-20
In base 14, what is 334 - -4?
338
In base 11, what is 29 + 1?
2a
In base 12, what is 6 - 569?
-563
In base 12, what is 2046 - 4?
2042
In base 4, what is 1100001 - 0?
1100001
In base 3, what is 1 + -1101?
-1100
In base 15, what is -4 + 5?
1
In base 6, what is -20 - 5?
-25
In base 15, what is c + -43?
-36
In base 3, what is -12 - 1101212?
-1102001
In base 6, what is -5 + -3243?
-3252
In base 13, what is 5 - -20?
25
In base 14, what is -19 - -2?
-17
In base 15, what is 174 + -1?
173
In base 2, what is 1110110 + -10001?
1100101
In base 14, what is 9b - -14?
b1
In base 3, what is -111001 - -111?
-110120
In base 15, what is 6 + -12?
-b
In base 7, what is 2 - -14656?
14661
In base 5, what is 1 - -310?
311
In base 14, what is b + 70?
7b
In base 4, what is 32 + 100?
132
In base 10, what is 30 - -8?
38
In base 13, what is -63 - -33?
-30
In base 7, what is -5 + -11?
-16
In base 6, what is -140 + -121?
-301
In base 16, what is -1 + -2?
-3
In base 16, what is 290 - -5?
295
In base 8, what is -11 + 3717?
3706
In base 3, what is 1021 + 1?
1022
In base 15, what is 6b6 - -2?
6b8
In base 2, what is -110 + 111100?
110110
In base 16, what is 480 + -1?
47f
In base 5, what is -11 + 21?
10
In base 4, what is -2 - 22103?
-22111
In base 3, what is 2 - -2121?
2200
In base 15, what is -43c - 2?
-43e
In base 11, what is -1 - 159?
-15a
In base 9, what is 43 + 27?
71
In base 5, what is -101 + -2341?
-2442
In base 8, what is -7070 + -5?
-7075
In base 16, what is -5 + e8?
e3
In base 11, what is 180 - 3?
178
In base 10, what is 314 + 1?
315
In base 5, what is 31121 + 10?
31131
In base 2, what is 1001101100 - -11?
1001101111
In base 15, what is 30 + -4?
2b
In base 2, what is -1110 + -11101?
-101011
In base 15, what is -1 + 1b0?
1ae
In base 10, what is -31 + -3?
-34
In base 13, what is 5c + 3?
62
In base 12, what is 1b - 15?
6
In base 11, what is -421 - 4?
-425
In base 5, what is 301 + -14?
232
In base 4, what is 312 + 22?
1000
In base 8, what is 2503 + 0?
2503
In base 3, what is 111021 + 2?
111100
In base 8, what is -104 + 27?
-55
In base 15, what is -2 + -94?
-96
In base 14, what is -3 + 212?
20d
In base 14, what is -8 - -22?
18
In base 5, what is 1113 - -12?
1130
In base 3, what is 1 - 10010?
-10002
In base 5, what is -3400 - -21?
-3324
In base 15, what is 1 - -209?
20a
In base 8, what is 2 + 705?
707
In base 8, what is -16 + 5?
-11
In base 12, what is 5 - -3b?
44
In base 4, what is 1 - -320?
321
In base 15, what is -333 + 1?
-332
In base 10, what is 1872 - 5?
1867
In base 7, what is 1 - 152?
-151
In base 8, what is -55 - 5?
-62
In base 13, what is -19 + -5?
-21
In base 3, what is 221 + -1?
220
In base 9, what is 1 - -21?
22
In base 8, what is 3 + -426?
-423
In base 12, what is -23 - 1a9?
-210
In base 8, what is 3 + -517?
-514
In base 5, what is 2 + 123?
130
In base 16, what is 1 + 575?
576
In base 13, what is -564 - 5?
-569
In base 8, what is 65 - 16?
47
In base 10, what is 2 - -789?
791
In base 7, what is -13 + -5?
-21
In base 13, what is -5a - -40?
-1a
In base 7, what is -2244 + -1?
-2245
In base 3, what is 2002 - 1011?
221
In base 15, what is 4 + 11?
15
In base 14, what is 2 + -2551?
-254d
In base 3, what is 12201021 - -2?
12201100
In base 10, what is 354 + -1?
353
In base 7, what is 1 + 31?
32
In base 5, what is 302 - -4?
311
In base 11, what is 49 - -17a?
218
In base 7, what is 2 - 14?
-12
In base 11, what is -121 - -31?
-a0
In base 9, what is -14066 + 2?
-14064
In base 5, what is 0 - 101321?
-101321
In base 9, what is 1171 - 8?
1162
In base 9, what is 80 - -2?
82
In base 10, what is 6701 - -3?
6704
In base 3, what is -1102 - 12?
-1121
In base 12, what is 77b - -2?
781
In base 8, what is 2 - -1335?
1337
In base 15, what is -8 - -5d8?
5d0
In base 15, what is 4 - 1c8?
-1c4
In base 14, what is c - -50?
5c
In base 13, what is 18c + 16?
1a5
In base 13, what is 2 + -85?
-83
In base 15, what is 209 + 5?
20e
In base 2, what is 10001 - 1100?
101
In base 2, what is -10 - -10101110111?
10101110101
In base 2, what is -101010110 + -1001?
-101011111
In base 12, what is -23 - 5?
-28
In base 9, what is 70 - 6?
63
In base 12, what is -3 + 76?
73
In base 11, what is 2 + 58?
5a
In base 14, what is -20 - 5?
-25
In base 12, what is 5 + 4?
9
In base 14, what is -2 - -7?
5
In base 6, what is 1213 + 3?
1220
In base 15, what is -30 + 59?
29
In base 10, what is 511 - -5?
516
In base 10, what is -555 + -3?
-558
In base 12, what is -28 - 4?
-30
In base 13, what is 8 - -2a?
35
In base 16, what is 286 - 1?
285
In base 9, what is 3 + -2?
1
In base 14, what is 6 + -1596?
-1590
In base 11, what is 3 - -179?
181
In base 14, what is 4 - -d1?
d5
In base 7, what is 1 - -435?
436
In base 14, what is 2 + 0?
2
In base 6, what is -24520 - 3?
-24523
In base 15, what is -4 - 31?
-35
In base 4, what is 21 + 2200?
2221
In base 9, what is 305 - 3?
302
In base 14, what is -2 - -2b?
29
In base 13, what is -36 - -5c?
26
In base 9, what is -8245 + -4?
-8250
In base 16, what is 3 - 120?
-11d
In base 14, what is 3 + -55?
-52
In base 8, what is -3375 - -3?
-3372
In base 2, what is 10 + 1001001110?
1001010000
In base 3, what is -10 - -2?
-1
In base 10, what is -320 - 2?
-322
In base 3, what is -2220120 + 10?
-2220110
In base 9, what is -5 - 574?
-580
In base 3, what is -20 - 102210?
-110000
In base 14, what is 10b3 + a?
10bd
In base 6, what is 204 + -4?
200
In base 2, what is -1111001 + -100?
-1111101
In base 4, what is 1211323 + 2?
1211331
In base 4, what is 1102 + -112?
330
In base 3, what is -1 - -2121001?
2121000
In base 15, what is 322 - 4?
31